rt -1 (base 11) to base 3.
-1
What is -75 (base 14) in base 2?
-1100111
0 (base 14) to base 2
0
4 (base 14) to base 2
100
-3 (base 4) to base 7
-3
-111 (base 3) to base 8
-15
-2033 (base 4) to base 16
-8f
What is -152 (base 14) in base 11?
-224
Convert 39 (base 13) to base 9.
53
Convert 16 (base 9) to base 10.
15
Convert 3 (base 6) to base 15.
3
What is -100 (base 2) in base 13?
-4
33 (base 9) to base 4
132
-10 (base 8) to base 5
-13
Convert -20 (base 14) to base 9.
-31
Convert -4 (base 16) to base 2.
-100
-20 (base 13) to base 8
-32
What is -11000 (base 3) in base 6?
-300
What is 3 (base 9) in base 12?
3
What is -3 (base 10) in base 4?
-3
-55 (base 15) to base 3
-2222
Convert 18 (base 9) to base 3.
122
What is -1 (base 14) in base 2?
-1
What is -10 (base 3) in base 16?
-3
30 (base 7) to base 14
17
Convert 2 (base 8) to base 10.
2
Convert 3 (base 11) to base 8.
3
Convert -55 (base 16) to base 5.
-320
-1 (base 14) to base 7
-1
Convert -100 (base 5) to base 14.
-1b
12 (base 4) to base 9
6
Convert 3 (base 12) to base 10.
3
Convert 64 (base 15) to base 12.
7a
Convert 16 (base 16) to base 15.
17
Convert 23 (base 5) to base 7.
16
15 (base 13) to base 4
102
Convert 74 (base 8) to base 5.
220
242 (base 6) to base 14
70
-2 (base 8) to base 9
-2
What is 3 (base 9) in base 12?
3
-16 (base 9) to base 7
-21
-13 (base 12) to base 14
-11
10 (base 12) to base 8
14
Convert 4 (base 8) to base 14.
4
5a (base 14) to base 6
212
8 (base 14) to base 13
8
Convert 123 (base 5) to base 3.
1102
-4 (base 7) to base 11
-4
What is -14 (base 7) in base 11?
-10
Convert 2 (base 6) to base 5.
2
Convert 15 (base 6) to base 12.
b
What is 24 (base 8) in base 14?
16
What is -3 (base 12) in base 9?
-3
Convert 11 (base 4) to base 11.
5
-27 (base 11) to base 5
-104
What is -3 (base 15) in base 16?
-3
What is -10a (base 12) in base 3?
-12201
What is -4 (base 10) in base 14?
-4
What is -13 (base 9) in base 2?
-1100
What is -57 (base 11) in base 9?
-68
5 (base 15) to base 10
5
What is 434 (base 5) in base 10?
119
Convert 101 (base 2) to base 16.
5
What is -15 (base 6) in base 11?
-10
What is 20 (base 3) in base 7?
6
What is 30 (base 13) in base 3?
1110
Convert 223 (base 10) to base 11.
193
3 (base 8) to base 3
10
105 (base 6) to base 7
56
Convert -1021 (base 4) to base 5.
-243
223 (base 4) to base 7
61
b (base 12) to base 16
b
Convert -1b (base 16) to base 5.
-102
What is 1 (base 8) in base 14?
1
Convert -15 (base 8) to base 15.
-d
Convert -30 (base 14) to base 4.
-222
a (base 14) to base 9
11
120 (base 5) to base 13
29
What is 22 (base 10) in base 14?
18
Convert 156 (base 9) to base 2.
10000100
9 (base 15) to base 13
9
Convert -113 (base 5) to base 7.
-45
44 (base 5) to base 11
22
Convert -312 (base 4) to base 2.
-110110
What is -11 (base 12) in base 13?
-10
What is -27 (base 10) in base 8?
-33
Convert -11 (base 3) to base 16.
-4
Convert 22 (base 13) to base 11.
26
133 (base 9) to base 8
157
Convert 400 (base 5) to base 7.
202
What is -86 (base 9) in base 8?
-116
Convert 0 (base 4) to base 11.
0
11 (base 2) to base 6
3
What is 10a (base 11) in base 10?
131
What is 2 (base 14) in base 8?
2
-102 (base 7) to base 13
-3c
-51 (base 9) to base 2
-101110
Convert -441 (base 5) to base 9.
-144
21 (base 5) to base 11
10
-150 (base 9) to base 2
-1111110
-35 (base 7) to base 15
-1b
Convert 2021 (base 3) to base 10.
61
-2201 (base 4) to base 10
-161
0 (base 11) to base 10
0
Convert -32 (base 5) to base 8.
-21
Convert b (base 13) to base 5.
21
What is 2 (base 12) in base 8?
2
Convert 13 (base 15) to base 3.
200
What is -48 (base 9) in base 13?
-35
What is -1 (base 11) in base 6?
-1
Convert -2 (base 5) to base 16.
-2
-2 (base 15) to base 4
-2
Convert 201 (base 9) to base 12.
117
Convert -102 (base 3) to base 7.
-14
-34 (base 8) to base 12
-24
Convert 90 (base 16) to base 9.
170
What is 12 (base 6) in base 14?
8
20 (base 5) to base 12
a
What is 1020 (base 3) in base 11?
30
Convert 20 (base 6) to base 5.
22
What is b (base 16) in base 6?
15
What is 11 (base 5) in base 3?
20
1 (base 16) to base 12
1
31 (base 4) to base 5
23
Convert -26 (base 16) to base 5.
-123
199 (base 10) to base 16
c7
Convert 4 (base 6) to base 3.
11
16 (base 10) to base 15
11
-10 (base 5) to base 6
-5
What is 120 (base 6) in base 13?
39
What is 100 (base 9) in base 10?
81
What is 20 (base 11) in base 8?
26
8 (base 10) to base 5
13
What is 28 (base 12) in base 2?
100000
Convert -2 (base 8) to base 11.
-2
36 (base 8) to base 9
33
Convert -1 (base 2) to base 11.
-1
What is 2 (base 4) in base 7?
2
Convert 24 (base 9) to base 6.
34
What is a (base 15) in base 14?
a
Convert 10 (base 5) to base 4.
11
What is -51 (base 13) in base 5?
-231
1 (base 5) to base 9
1
Convert 113 (base 11) to base 16.
87
Convert 4 (base 12) to base 9.
4
-4 (base 11) to base 3
-11
16 (base 15) to base 10
21
-2 (base 16) to base 6
-2
2 (base 11) to base 8
2
10 (base 9) to base 16
9
2 (base 14) to base 16
2
Convert 11 (base 12) to base 7.
16
What is 232 (base 5) in base 2?
1000011
Convert -19 (base 12) to base 11.
-1a
Convert -e (base 15) to base 7.
-20
-322 (base 4) to base 8
-72
Convert 140 (base 12) to base 14.
da
12 (base 4) to base 2
110
Convert 76 (base 8) to base 15.
42
2 (base 5) to base 10
2
What is 11 (base 5) in base 15?
6
56 (base 14) to base 11
6a
Convert 8 (base 16) to base 5.
13
What is -12 (base 10) in base 2?
-1100
-2 (base 5) to base 4
-2
Convert -2 (base 10) to base 13.
-2
2 (base 3) to base 6
2
6 (base 9) to base 3
20
-103 (base 6) to base 9
-43
What is 3041 (base 5) in base 7?
1104
Convert -1a (base 13) to base 6.
-35
Convert -112 (base 6) to base 12.
-38
What is -100 (base 2) in base 6?
-4
What is -2 (base 7) in base 11?
-2
Convert 434 (base 7) to base 5.
1341
-112 (base 5) to base 11
-2a
What is -22 (base 3) in base 12?
-8
Convert 326 (base 7) to base 3.
20012
Convert -1044 (base 5) to base 3.
-12112
-1 (base 16) to base 11
-1
What is -61 (base 15) in base 13?
-70
Convert 21 (base 8) to base 2.
10001
-20 (base 15) to base 3
-1010
Convert -1 (base 4) to base 13.
-1
-111101 (base 2) to base 5
-221
What is -160 (base 12) in base 14?
-116
What is 18 (base 12) in base 9?
22
What is -1 (base 10) in base 4?
-1
Convert -3 (base 14) to base 4.
-3
Convert -54 (base 7) to base 10.
-39
Convert a5 (base 11) to base 8.
163
-6a (base 11) to base 14
-56
Convert -53 (base 7) to base 11.
-35
What is 93 (base 10) in base 2?
1011101
Convert -1 (base 11) to base 13.
-1
What is 24 (base 6) in base 12?
14
Convert 20 (base 14) to base 8.
34
11a (base 13) to base 8
300
What is -1101 (base 2) in base 8?
-15
-7 (base 10) to base 12
-7
-11 (base 14) to base 12
-13
-22 (base 10) to base 4
-112
Convert -100110 (base 2) to base 8.
-46
Convert -10212 (base 3) to base 7.
-206
What is 344 (base 5) in base 10?
99
332 (base 4) to base 6
142
Convert 1 (base 7) to base 12.
1
Convert -231 (base 4) to base 15.
-30
Convert 2 (base 4) to base 3.
2
What is -23 (base 8) in base 16?
-13
310 (base 6) to base 14
82
Convert -2 (base 13) to base 5.
-2
-1 (base 12) to base 2
-1
Convert -2 (base 9) to base 12.
-2
Convert -3 (base 8) to base 2.
-11
Convert -13 (base 13) to base 3.
-121
Convert -17 (base 11) to base 14.
-14
Convert -3 (base 13) to base 2.
-11
What is 2 (base 13) in base 12?
2
3 (base 10) to base 3
10
4 (base 11) to base 15
4
Convert 2 (base 11) to base 14.
2
12 (base 15) to base 4
101
-53 (base 9) to base 4
-300
2 (base 8) to base 4
2
What is -41 (base 15) in base 2?
-111101
-31 (base 16) to base 8
-61
-40 (base 5) to base 11
-19
Convert 2 (base 12) to base 16.
2
15 (base 11) to base 5
31
Convert 6 (base 12) to base 3.
20
What is 10121 (base 3) in base 10?
97
79 (base 11) to base 8
126
13 (base 4) to base 12
7
What is 19 (base 11) in base 7?
26
Convert 1 (base 15) to base 3.
1
Convert a (base 11) to base 13.
a
Convert -7 (base 15) to base 13.
-7
What is 36 (base 9) in base 8?
41
Convert -151 (base 8) to base 11.
-96
What is 1001 (base 3) in base 16?
1c
What is -13 (base 15) in base 10?
-18
-1 (base 15) to base 3
-1
What is 1 (base 11) in base 3?
1
What is -100 (base 3) in base 11?
-9
What is 55 (base 6) in base 12?
2b
What is 45 (base 7) in base 12?
29
What is -1010010 (base 2) in base 9?
-101
10 (base 16) to base 14
12
82 (base 11) to base 4
1122
Convert 78 (base 11) to ba